 2*h**2 + 24*h + 85. Is k(-3) composite?
True
Let v(m) = 416*m**2 - 3. Is v(1) a prime number?
False
Let j be (-43148)/(-98) - 2/7. Suppose 0 = -6*b + j + 82. Is b prime?
False
Let h = 13 + -11. Suppose -f + 2*f + 3*k + 1079 = 0, h*f + 5*k = -2161. Let o = f - -1773. Is o a prime number?
False
Is (-6)/33 - (4764690/77)/(-6) prime?
True
Let t(g) = -11*g + 5 + 1 + 26. Is t(-10) composite?
True
Suppose 4*p + 3*g = -1716 - 4412, g = -4*p - 6120. Is (-4)/16 - p/4 composite?
True
Let m(p) = 23*p**2 - 4*p - 17. Is m(6) composite?
False
Let q = 0 - -5. Suppose -t + 3 = -0, q*t - 5 = 5*x. Suppose x*f - 156 = -2*f. Is f composite?
True
Let u(k) = -k**2 + 5*k - 3. Let p be u(8). Let g = p + 233. Suppose -g = -4*b + 446. Is b composite?
False
Suppose -16*g = -9*g - 160727. Is g a prime number?
True
Let l = 27222 - -9567. Is l a composite number?
True
Suppose -15 = z - 3*z + 3*d, -5*d + 41 = 4*z. Is (-2)/z - 5244/(-27) a composite number?
True
Is 116082/66 + (-4)/(-22) prime?
True
Let n(a) = -3*a**3 + 7*a**3 + 8*a**2 - 7 - 2 - 3*a**3 - 10*a. Let v be n(-9). Suppose 0 = -r + l + 73, 65 = r - v*r - 3*l. Is r prime?
False
Suppose 9 = 5*d - 6. Let z be -2*(-3 - (-3)/6). Suppose -z*g = -4*b - 3835, d*b + b = -20. Is g a composite number?
True
Let g be (-2)/(-3) + 28/12. Suppose -g*m = 4 + 5. Is (-3 + (-9267)/m)/2 composite?
False
Suppose 4*h - b = 6 + 19, 4*h - 2*b - 26 = 0. Let q(a) = 8*a**2 + 3 - 2*a - h + 3 + 1. Is q(-2) prime?
True
Suppose 3*r + 4*t = -2*r + 20, 0 = 3*r - t - 12. Suppose 3*d - r - 11 = 0. Suppose -168 = -d*z + 307. Is z a composite number?
True
Let g(l) = -l**3 - l + 23. Let y be g(0). Let p be (5 - 8 - 4) + -3. Let u = p + y. Is u prime?
True
Let z = 5 - 3. Let i be z/7 - (-3380)/28. Let r = i - 56. Is r a composite number?
True
Suppose -3*v + 4028 = 2*u, 177 = v - 4*u - 1175. Let w = v - 835. Is w a prime number?
True
Let h = 1 - -6. Suppose 0 = -2*o + h*o - 115. Suppose 5*a - 47 = o. Is a a prime number?
False
Suppose -8*n + 10592 = 8*n. Is n composite?
True
Let u = 412 + 5511. Is u prime?
True
Let c(z) = -8*z - 14 - 14*z - 34*z - 5. Is c(-9) a prime number?
False
Let p be (-9)/6*(1 - -5). Let t = p - -1. Is 398/12 - t/(-48) prime?
False
Let y = -4362 - -10315. Is y prime?
True
Suppose 4 = -2*s - 54. Suppose 181 = -7*o + 741. Let x = s + o. Is x composite?
True
Is ((-18)/4 - -4)*-58634 a prime number?
False
Let v(l) = 4*l + 2 - l**2 - 1 - 2*l**3 - l**2 + 3*l**3. Let w be v(3). Is -6*(0 - w/4) prime?
False
Let w = 10851 - 6986. Is w a composite number?
True
Let j(d) = d + 1. Let l be j(-4). Let w be -2 - (0 - (l - -5)). Suppose 4*h - 944 = 3*o + 1404, w = -o. Is h prime?
True
Let p = 7889 + -3552. Is p composite?
False
Let c(t) = -638*t - 237. Is c(-13) composite?
True
Let w = -15 + 15. Suppose w = 2*u + 2*b + 123 - 735, b + 308 = u. Is u a prime number?
True
Suppose 4*u + 2*k - 8313 - 7681 = 0, 20 = -4*k. Is u composite?
False
Let x(z) = 1549*z**2 + 33*z - 3. Is x(2) composite?
True
Let l = -1107 + 2817. Suppose -n + 2*n = p - l, 3*n + 3423 = 2*p. Is p composite?
True
Let s(m) = -m**3 - 2*m**2 + 3*m + 3. Let q be s(-3). Suppose -2*a = q*a - 10. Let n = 547 - a. Is n a prime number?
False
Let c be ((-32)/40)/((-1)/(-10)). Let f(m) = m**2 + 7*m + 4. Let x be f(c). Suppose -x*k + 759 = -9*k. Is k a composite number?
True
Let c = 94080 - 50875. Is c composite?
True
Let h be (12/(-8))/((-3)/6). Suppose -4*v = -v - h, 0 = p - 2*v - 467. Suppose j + j = 3*z + p, 3*z + 708 = 3*j. Is j a prime number?
True
Suppose -3*x = -0*x - 3. Let d be x + 1 + 2 + -2. Is (-1)/d - (-5733)/14 a prime number?
True
Suppose 29*x = 31*x - 7886. Is x prime?
True
Suppose -15538 = -9*r - 8*r. Is r a prime number?
False
Let w = 272 - -868. Let g = w - 509. Is g prime?
True
Let j(q) = -3*q + 9. Let w be j(14). Let s(v) = -6*v**2 - 4. Let i be s(4). Let g = w - i. Is g prime?
True
Let v(f) = -105*f**2 + f + 2. Let o be v(-3). Let z be ((-6)/4)/(30/2395)*4. Let r = z - o. Is r a composite number?
False
Let f be 3*2 - (10 - 9). Let z(w) = 218*w + 61. Is z(f) a prime number?
True
Is (-35172)/(-42) + 8/14 prime?
False
Let t = -528 + 1424. Suppose -3*n = 2*n - 2*c - t, 2*n - 362 = 2*c. Is n composite?
True
Suppose -27 - 19 = -y. Let l = -4 + 7. Suppose 0 = -l*v + y - 7. Is v prime?
True
Suppose 4*o + p = 2*p + 18258, 0 = 3*o + 4*p - 13703. Suppose a = -4*a + o. Is a a composite number?
True
Let g = -53 + 50. Is (-1 - g) + -35*(5 + -10) a prime number?
False
Is 15/25 - 8/(-20) - -478 a composite number?
False
Let w be 6/2*(128 - -5). Let s = 792 - w. Is s prime?
False
Let h be (6/12)/(33/(-16) - -2). Is ((-514)/(-6))/(h/(-120)) composite?
True
Let w(i) = -27*i - 3*i**3 - 21*i**2 + 0*i - 3 + 2*i**3. Let x be w(-18). Is (x/(-15))/(1/5) prime?
True
Let w(g) = g**3 + 81*g**2 - 27*g - 64. Is w(-33) a composite number?
True
Suppose 4*j - j - 114 = -3*x, 3*j = -5*x + 106. Is 18279/7 + (-4 - (-156)/j) composite?
True
Let a(h) = h**2 - 3. Let z be a(-2). Let y be 1 + z + -3 + -167. Let g = -117 - y. Is g composite?
True
Let v = -20786 - -56163. Is v a prime number?
False
Let k(y) = -190*y**3 - 2*y**2 + 12*y - 17. Is k(-6) a composite number?
False
Let h(d) = -68*d - 13. Let b(f) = -1089*f - 207. Let u(m) = 2*b(m) - 33*h(m). Let r be u(13). Suppose r = -4*v + 2621. Is v composite?
True
Let b be 8744/(-32) + (-2)/(-8). Let o = 794 + b. Is o a composite number?
False
Let s be 6/9 - 250/(-30). Is ((-993)/9)/((-3)/s) a composite number?
False
Let m be (-10805)/(-60) - 1/12. Let k(a) = 91*a. Let u be k(-1). Let i = u + m. Is i prime?
True
Let f(m) = 2004*m - 83. Is f(11) a prime number?
True
Suppose -4 = 4*y - 0, y + 1 = z. Let n be 1 + z + 15/5. Let r(h) = 2*h**3 - 6*h**2 - h + 5. Is r(n) a prime number?
False
Let c(u) = 50*u**3 + u**2 - 1. Let r be c(-1). Suppose -3*m + 53 + 196 = 0. Let w = m + r. Is w composite?
True
Suppose h - 3*h + 24196 = -2*c, c - 48387 = -4*h. Is h composite?
False
Suppose t = -4*t + 20. Let s = t + 86. Suppose -2*j = -k + s + 19, 5*k - 503 = -4*j. Is k a prime number?
True
Let w be -3 - -2*(-8391)/(-6). Let c = w + -4047. Let z = c + 2002. Is z a composite number?
True
Suppose -a - 108 = 605. Let t be (-1)/(1/(a + -4)). Suppose -l = g - 144, -l = 4*l + 4*g - t. Is l composite?
True
Let p = -30 - 228. Let v = p - -118. Is (v/(-30))/((-4)/(-30)) a composite number?
True
Let b(a) = -177*a + 23. Let u be (11 + -10)*(-1 - (0 - -6)). Is b(u) a composite number?
True
Let d(a) = 429*a**2 + 2*a + 79. Is d(-6) composite?
False
Let h(p) = -5*p - 8*p - 2*p + 16*p - 11. Let r be h(11). Suppose 5*m + r*m = 455. Is m prime?
False
Suppose -52 = 4*p - 4. Is (1 - p)*61 + -2 a composite number?
True
Let z(c) = -c**3 - 27*c**2 - 2*c - 42. Let p be z(-27). Is (-4869)/(-3)*(56/p + -4) a prime number?
False
Is -2102*171/(-162) + (-2)/(-9) a prime number?
False
Let w(o) = 2095*o. Is w(1) composite?
True
Suppose -14*x - 11950 = -24*x. Is x prime?
False
Let p(l) = 6*l**2 - 2*l - 51. Let t = -69 + 62. Is p(t) composite?
False
Suppose 0 = -3*c - a + 68750, -4*c + 3*a - 34550 = -126221. Is c prime?
False
Let a(o) = -5*o**2 + 2*o**2 + 25 - 7*o + 8*o**2. Is a(4) composite?
True
Let w(n) = n**3 + 14*n**2 - 7*n - 5. Suppose 4*s = 6*s - 12. Is w(s) prime?
True
Let j(l) = 37*l + 127. Is j(22) a prime number?
True
Let d be -4 - 5676/((-2)/1). Suppose -6*v - 500 + d = 0. Is v a composite number?
False
Suppose 0 = -j - j - 8, -5*j - 35 = -5*q. Suppose -2*t = -3*n - 7*t + 226, 3*t + q = 0. Is n a prime number?
False
Let i(k) = k - 8. Let v be i(11). Suppose v*x - 4*s - 976 = -6*s, -982 = -3*x + 4*s. Is x prime?
False
Suppose 20*j - 15*j = 74590. Is j prime?
False
Let q(b) = 4*b**2 + 7*b - 6. Let t be q(-4). Let x be (-894)/10 - (-12)/t. Is -4 + 1*(0 - x) prime?
False
Suppose 3*z - 21 = -2*u - 84, 3*u + 52 = 4*z. Is (-4)/(u/(-27))*1096/(-12) a prime number?
False
Is 1 + 2314/(-3)*(22 - 28) composite?
True
Suppose 24700 = 8*d + 8276. Is d composite?
False
Suppose 5*t - 4*h + h = -15, -4*t + 4*h - 20 = 0. Suppose 6*d - 2*c = d + 15960, 4*d - 2*c - 12766 = t. Is d a composite number?
True
Suppose -248 = -2*x + 90. Let f = x + -98. Suppose 0 = -3*q + 4*q - f. Is q composite?
False
Let z(y) = -7*y**3 + 14*y**2 - 33*y - 83. Is z(-16) prime?
False
Suppose 3*j - j - 526 = -5*v, 4*v - 4*j - 432 = 0. Suppose